{"id":676,"date":"2022-08-23T18:19:27","date_gmt":"2022-08-23T18:19:27","guid":{"rendered":"https:\/\/muschenried.de\/750-jahre\/?page_id=676"},"modified":"2022-08-25T19:49:50","modified_gmt":"2022-08-25T19:49:50","slug":"chronik","status":"publish","type":"page","link":"https:\/\/muschenried.de\/750-jahre\/chronik\/","title":{"rendered":"Chronik 750 Jahre"},"content":{"rendered":"<div class=\"fusion-fullwidth fullwidth-box fusion-builder-row-1 fusion-flex-container has-pattern-background has-mask-background nonhundred-percent-fullwidth non-hundred-percent-height-scrolling\" style=\"--awb-border-radius-top-left:0px;--awb-border-radius-top-right:0px;--awb-border-radius-bottom-right:0px;--awb-border-radius-bottom-left:0px;--awb-flex-wrap:wrap;\" ><div class=\"fusion-builder-row fusion-row fusion-flex-align-items-flex-start fusion-flex-content-wrap\" style=\"max-width:1248px;margin-left: calc(-4% \/ 2 );margin-right: calc(-4% \/ 2 );\"><div class=\"fusion-layout-column fusion_builder_column fusion-builder-column-0 fusion_builder_column_1_1 1_1 fusion-flex-column\" style=\"--awb-bg-size:cover;--awb-width-large:100%;--awb-margin-top-large:0px;--awb-spacing-right-large:1.92%;--awb-margin-bottom-large:20px;--awb-spacing-left-large:1.92%;--awb-width-medium:100%;--awb-order-medium:0;--awb-spacing-right-medium:1.92%;--awb-spacing-left-medium:1.92%;--awb-width-small:100%;--awb-order-small:0;--awb-spacing-right-small:1.92%;--awb-spacing-left-small:1.92%;\"><div class=\"fusion-column-wrapper fusion-column-has-shadow fusion-flex-justify-content-flex-start fusion-content-layout-column\"><div class=\"fusion-text fusion-text-1\" style=\"--awb-margin-top:30px;\"><h3 style=\"text-align: center;\">Bestellen Sie unsere Chronik&#8230;<\/h3>\n<\/div><\/div><\/div><\/div><\/div><div class=\"fusion-fullwidth fullwidth-box fusion-builder-row-2 fusion-flex-container has-pattern-background has-mask-background nonhundred-percent-fullwidth non-hundred-percent-height-scrolling\" style=\"--awb-border-radius-top-left:0px;--awb-border-radius-top-right:0px;--awb-border-radius-bottom-right:0px;--awb-border-radius-bottom-left:0px;--awb-flex-wrap:wrap;\" ><div class=\"fusion-builder-row fusion-row fusion-flex-align-items-flex-start fusion-flex-content-wrap\" style=\"max-width:1248px;margin-left: calc(-4% \/ 2 );margin-right: calc(-4% \/ 2 );\"><div class=\"fusion-layout-column fusion_builder_column fusion-builder-column-1 fusion_builder_column_2_3 2_3 fusion-flex-column\" style=\"--awb-bg-size:cover;--awb-width-large:66.666666666667%;--awb-margin-top-large:0px;--awb-spacing-right-large:2.88%;--awb-margin-bottom-large:20px;--awb-spacing-left-large:2.88%;--awb-width-medium:66.666666666667%;--awb-order-medium:0;--awb-spacing-right-medium:2.88%;--awb-spacing-left-medium:2.88%;--awb-width-small:100%;--awb-order-small:0;--awb-spacing-right-small:1.92%;--awb-spacing-left-small:1.92%;\"><div class=\"fusion-column-wrapper fusion-column-has-shadow fusion-flex-justify-content-flex-start fusion-content-layout-column\"><div class=\"fusion-image-element \" style=\"text-align:center;--awb-aspect-ratio:1 \/ 1;--awb-object-position:26% 55%;--awb-max-width:500px;--awb-caption-title-font-family:var(--h2_typography-font-family);--awb-caption-title-font-weight:var(--h2_typography-font-weight);--awb-caption-title-font-style:var(--h2_typography-font-style);--awb-caption-title-size:var(--h2_typography-font-size);--awb-caption-title-transform:var(--h2_typography-text-transform);--awb-caption-title-line-height:var(--h2_typography-line-height);--awb-caption-title-letter-spacing:var(--h2_typography-letter-spacing);\"><div style=\"display:inline-block;width:500px;\"><span class=\" fusion-imageframe imageframe-none imageframe-1 hover-type-none has-aspect-ratio fusion-animated\" data-animationType=\"fadeInLeft\" data-animationDuration=\"0.3\" data-animationOffset=\"top-into-view\"><img decoding=\"async\" width=\"300\" height=\"268\" title=\"Chronik750Jahre\" src=\"https:\/\/muschenried.de\/750-jahre\/wp-content\/uploads\/2022\/08\/Chronik750Jahre-300x268.jpg\" class=\"img-responsive wp-image-681 img-with-aspect-ratio\" data-parent-fit=\"cover\" data-parent-container=\".fusion-image-element\" alt srcset=\"https:\/\/muschenried.de\/750-jahre\/wp-content\/uploads\/2022\/08\/Chronik750Jahre-200x179.jpg 200w, https:\/\/muschenried.de\/750-jahre\/wp-content\/uploads\/2022\/08\/Chronik750Jahre-400x358.jpg 400w, https:\/\/muschenried.de\/750-jahre\/wp-content\/uploads\/2022\/08\/Chronik750Jahre-600x537.jpg 600w, https:\/\/muschenried.de\/750-jahre\/wp-content\/uploads\/2022\/08\/Chronik750Jahre-800x716.jpg 800w, https:\/\/muschenried.de\/750-jahre\/wp-content\/uploads\/2022\/08\/Chronik750Jahre-1200x1073.jpg 1200w, https:\/\/muschenried.de\/750-jahre\/wp-content\/uploads\/2022\/08\/Chronik750Jahre.jpg 1640w\" sizes=\"(max-width: 640px) 100vw, 800px\" \/><\/span><\/div><\/div><\/div><\/div><div class=\"fusion-layout-column fusion_builder_column fusion-builder-column-2 fusion_builder_column_1_3 1_3 fusion-flex-column\" style=\"--awb-bg-size:cover;--awb-width-large:33.333333333333%;--awb-margin-top-large:0px;--awb-spacing-right-large:5.76%;--awb-margin-bottom-large:20px;--awb-spacing-left-large:5.76%;--awb-width-medium:33.333333333333%;--awb-order-medium:0;--awb-spacing-right-medium:5.76%;--awb-spacing-left-medium:5.76%;--awb-width-small:100%;--awb-order-small:0;--awb-spacing-right-small:1.92%;--awb-spacing-left-small:1.92%;\"><div class=\"fusion-column-wrapper fusion-column-has-shadow fusion-flex-justify-content-flex-start fusion-content-layout-column\"><div class=\"fusion-text fusion-text-2\"><p>Im Mai 2022 feierte die Ortschaft Muschenried ihr 750-j\u00e4hriges Bestehen. Grundlage daf\u00fcr war die urkundlich nachgewiesene Erw\u00e4hnung im niederbayerischen Salbuch, dessen Entstehungszeit damals auf die Zeit um 1270 datiert wurde.<\/p>\n<p>Die Chronik soll mit dazu beitragen, dass unsere Vergangenheit und Gegenwart und damit auch Brauchtum und kulturelles Erbe in vielen Facetten nicht in Vergessenheit geraten. Vieles wurde von den \u201eAlten\u201c erz\u00e4hlt \u2013 und als die Jungen dann \u00e4lter waren, wurde oft gesagt: \u201eWenn man nur damals besser aufgepasst h\u00e4tte\u2026\u201c<\/p>\n<p>Auf 392 Seiten wurde diese Chronik entsprechend den M\u00f6glichkeiten und nach bestem Wissen und Gewissen aufbereitet und Vorkommnisse so objektiv wie m\u00f6glich wiedergegeben.<br \/>\nSie stellt einen Streifzug durch die Ortsgeschichte aus unterschiedlichen Blickwinkeln dar und gibt vielf\u00e4ltige Aspekte aus Gegenwart und Vergangenheit wieder.<\/p>\n<\/div><\/div><\/div><\/div><\/div><div class=\"fusion-fullwidth fullwidth-box fusion-builder-row-3 fusion-flex-container has-pattern-background has-mask-background nonhundred-percent-fullwidth non-hundred-percent-height-scrolling\" style=\"--awb-border-radius-top-left:0px;--awb-border-radius-top-right:0px;--awb-border-radius-bottom-right:0px;--awb-border-radius-bottom-left:0px;--awb-flex-wrap:wrap;\" ><div class=\"fusion-builder-row fusion-row fusion-flex-align-items-flex-start fusion-flex-content-wrap\" style=\"max-width:1248px;margin-left: calc(-4% \/ 2 );margin-right: calc(-4% \/ 2 );\"><div class=\"fusion-layout-column fusion_builder_column fusion-builder-column-3 fusion_builder_column_1_2 1_2 fusion-flex-column\" style=\"--awb-bg-size:cover;--awb-width-large:50%;--awb-margin-top-large:0px;--awb-spacing-right-large:3.84%;--awb-margin-bottom-large:20px;--awb-spacing-left-large:3.84%;--awb-width-medium:50%;--awb-order-medium:0;--awb-spacing-right-medium:3.84%;--awb-spacing-left-medium:3.84%;--awb-width-small:100%;--awb-order-small:0;--awb-spacing-right-small:1.92%;--awb-spacing-left-small:1.92%;\"><div class=\"fusion-column-wrapper fusion-column-has-shadow fusion-flex-justify-content-flex-start fusion-content-layout-column\"><div class=\"fusion-text fusion-text-3\"><p>Unsere Chronik kostet 24.- Euro und ist erh\u00e4ltlich bei:<\/p>\n<ul>\n<li>Andreas Sorgenfrei, Triftweg 4, Muschenried, Tel. 09676\/562<\/li>\n<li>Schreibwaren Blenz, Marktplatz 2, Oberviechtach, Tel. 09672\/1520<\/li>\n<li>Oder per eMail:&nbsp;<a href=\"mailto:chronik@muschenried.de\">chronik@muschenried.de<\/a><\/li>\n<\/ul>\n<p>&nbsp;<\/p>\n<p>&nbsp;<\/p>\n<\/div><\/div><\/div><div class=\"fusion-layout-column fusion_builder_column fusion-builder-column-4 fusion_builder_column_1_2 1_2 fusion-flex-column\" style=\"--awb-bg-size:cover;--awb-width-large:50%;--awb-margin-top-large:0px;--awb-spacing-right-large:3.84%;--awb-margin-bottom-large:20px;--awb-spacing-left-large:3.84%;--awb-width-medium:50%;--awb-order-medium:0;--awb-spacing-right-medium:3.84%;--awb-spacing-left-medium:3.84%;--awb-width-small:100%;--awb-order-small:0;--awb-spacing-right-small:1.92%;--awb-spacing-left-small:1.92%;\"><div class=\"fusion-column-wrapper fusion-column-has-shadow fusion-flex-justify-content-flex-start fusion-content-layout-column\"><\/div><\/div><\/div><\/div>\n","protected":false},"excerpt":{"rendered":"","protected":false},"author":1,"featured_media":0,"parent":0,"menu_order":0,"comment_status":"closed","ping_status":"closed","template":"","meta":{"ngg_post_thumbnail":0,"footnotes":""},"class_list":["post-676","page","type-page","status-publish","hentry"],"_links":{"self":[{"href":"https:\/\/muschenried.de\/750-jahre\/wp-json\/wp\/v2\/pages\/676","targetHints":{"allow":["GET"]}}],"collection":[{"href":"https:\/\/muschenried.de\/750-jahre\/wp-json\/wp\/v2\/pages"}],"about":[{"href":"https:\/\/muschenried.de\/750-jahre\/wp-json\/wp\/v2\/types\/page"}],"author":[{"embeddable":true,"href":"https:\/\/muschenried.de\/750-jahre\/wp-json\/wp\/v2\/users\/1"}],"replies":[{"embeddable":true,"href":"https:\/\/muschenried.de\/750-jahre\/wp-json\/wp\/v2\/comments?post=676"}],"version-history":[{"count":26,"href":"https:\/\/muschenried.de\/750-jahre\/wp-json\/wp\/v2\/pages\/676\/revisions"}],"predecessor-version":[{"id":705,"href":"https:\/\/muschenried.de\/750-jahre\/wp-json\/wp\/v2\/pages\/676\/revisions\/705"}],"wp:attachment":[{"href":"https:\/\/muschenried.de\/750-jahre\/wp-json\/wp\/v2\/media?parent=676"}],"curies":[{"name":"wp","href":"https:\/\/api.w.org\/{rel}","templated":true}]}}

<div class="fusion-fullwidth fullwidth-box fusion-builder-row-1 fusion-flex-container has-pattern-background has-mask-background nonhundred-percent-fullwidth non-hundred-percent-height-scrolling" style="--awb-border-radius-top-left:0px;--awb-border-radius-top-right:0px;--awb-border-radius-bottom-right:0px;--awb-border-radius-bottom-left:0px;--awb-flex-wrap:wrap;" ><div class="fusion-builder-row fusion-row fusion-flex-align-items-flex-start fusion-flex-content-wrap" style="max-width:1248px;margin-left: calc(-4% / 2 );margin-right: calc(-4% / 2 );"><div class="fusion-layout-column fusion_builder_column fusion-builder-column-0 fusion_builder_column_1_1 1_1 fusion-flex-column" style="--awb-bg-size:cover;--awb-width-large:100%;--awb-margin-top-large:0px;--awb-spacing-right-large:1.92%;--awb-margin-bottom-large:20px;--awb-spacing-left-large:1.92%;--awb-width-medium:100%;--awb-order-medium:0;--awb-spacing-right-medium:1.92%;--awb-spacing-left-medium:1.92%;--awb-width-small:100%;--awb-order-small:0;--awb-spacing-right-small:1.92%;--awb-spacing-left-small:1.92%;"><div class="fusion-column-wrapper fusion-column-has-shadow fusion-flex-justify-content-flex-start fusion-content-layout-column"><div class="fusion-text fusion-text-1" style="--awb-margin-top:30px;"><h3 style="text-align: center;">Bestellen Sie unsere Chronik&#8230;</h3>
</div></div></div></div></div><div class="fusion-fullwidth fullwidth-box fusion-builder-row-2 fusion-flex-container has-pattern-background has-mask-background nonhundred-percent-fullwidth non-hundred-percent-height-scrolling" style="--awb-border-radius-top-left:0px;--awb-border-radius-top-right:0px;--awb-border-radius-bottom-right:0px;--awb-border-radius-bottom-left:0px;--awb-flex-wrap:wrap;" ><div class="fusion-builder-row fusion-row fusion-flex-align-items-flex-start fusion-flex-content-wrap" style="max-width:1248px;margin-left: calc(-4% / 2 );margin-right: calc(-4% / 2 );"><div class="fusion-layout-column fusion_builder_column fusion-builder-column-1 fusion_builder_column_2_3 2_3 fusion-flex-column" style="--awb-bg-size:cover;--awb-width-large:66.666666666667%;--awb-margin-top-large:0px;--awb-spacing-right-large:2.88%;--awb-margin-bottom-large:20px;--awb-spacing-left-large:2.88%;--awb-width-medium:66.666666666667%;--awb-order-medium:0;--awb-spacing-right-medium:2.88%;--awb-spacing-left-medium:2.88%;--awb-width-small:100%;--awb-order-small:0;--awb-spacing-right-small:1.92%;--awb-spacing-left-small:1.92%;"><div class="fusion-column-wrapper fusion-column-has-shadow fusion-flex-justify-content-flex-start fusion-content-layout-column"><div class="fusion-image-element " style="text-align:center;--awb-aspect-ratio:1 / 1;--awb-object-position:26% 55%;--awb-max-width:500px;--awb-caption-title-font-family:var(--h2_typography-font-family);--awb-caption-title-font-weight:var(--h2_typography-font-weight);--awb-caption-title-font-style:var(--h2_typography-font-style);--awb-caption-title-size:var(--h2_typography-font-size);--awb-caption-title-transform:var(--h2_typography-text-transform);--awb-caption-title-line-height:var(--h2_typography-line-height);--awb-caption-title-letter-spacing:var(--h2_typography-letter-spacing);"><div style="display:inline-block;width:500px;"><span class=" fusion-imageframe imageframe-none imageframe-1 hover-type-none has-aspect-ratio fusion-animated" data-animationType="fadeInLeft" data-animationDuration="0.3" data-animationOffset="top-into-view"><img decoding="async" width="300" height="268" title="Chronik750Jahre" src="https://muschenried.de/750-jahre/wp-content/uploads/2022/08/Chronik750Jahre-300x268.jpg" class="img-responsive wp-image-681 img-with-aspect-ratio" data-parent-fit="cover" data-parent-container=".fusion-image-element" alt srcset="https://muschenried.de/750-jahre/wp-content/uploads/2022/08/Chronik750Jahre-200x179.jpg 200w, https://muschenried.de/750-jahre/wp-content/uploads/2022/08/Chronik750Jahre-400x358.jpg 400w, https://muschenried.de/750-jahre/wp-content/uploads/2022/08/Chronik750Jahre-600x537.jpg 600w, https://muschenried.de/750-jahre/wp-content/uploads/2022/08/Chronik750Jahre-800x716.jpg 800w, https://muschenried.de/750-jahre/wp-content/uploads/2022/08/Chronik750Jahre-1200x1073.jpg 1200w, https://muschenried.de/750-jahre/wp-content/uploads/2022/08/Chronik750Jahre.jpg 1640w" sizes="(max-width: 640px) 100vw, 800px" /></span></div></div></div></div><div class="fusion-layout-column fusion_builder_column fusion-builder-column-2 fusion_builder_column_1_3 1_3 fusion-flex-column" style="--awb-bg-size:cover;--awb-width-large:33.333333333333%;--awb-margin-top-large:0px;--awb-spacing-right-large:5.76%;--awb-margin-bottom-large:20px;--awb-spacing-left-large:5.76%;--awb-width-medium:33.333333333333%;--awb-order-medium:0;--awb-spacing-right-medium:5.76%;--awb-spacing-left-medium:5.76%;--awb-width-small:100%;--awb-order-small:0;--awb-spacing-right-small:1.92%;--awb-spacing-left-small:1.92%;"><div class="fusion-column-wrapper fusion-column-has-shadow fusion-flex-justify-content-flex-start fusion-content-layout-column"><div class="fusion-text fusion-text-2"><p>Im Mai 2022 feierte die Ortschaft Muschenried ihr 750-jähriges Bestehen. Grundlage dafür war die urkundlich nachgewiesene Erwähnung im niederbayerischen Salbuch, dessen Entstehungszeit damals auf die Zeit um 1270 datiert wurde.</p>
<p>Die Chronik soll mit dazu beitragen, dass unsere Vergangenheit und Gegenwart und damit auch Brauchtum und kulturelles Erbe in vielen Facetten nicht in Vergessenheit geraten. Vieles wurde von den „Alten“ erzählt – und als die Jungen dann älter waren, wurde oft gesagt: „Wenn man nur damals besser aufgepasst hätte…“</p>
<p>Auf 392 Seiten wurde diese Chronik entsprechend den Möglichkeiten und nach bestem Wissen und Gewissen aufbereitet und Vorkommnisse so objektiv wie möglich wiedergegeben.<br />
Sie stellt einen Streifzug durch die Ortsgeschichte aus unterschiedlichen Blickwinkeln dar und gibt vielfältige Aspekte aus Gegenwart und Vergangenheit wieder.</p>
</div></div></div></div></div><div class="fusion-fullwidth fullwidth-box fusion-builder-row-3 fusion-flex-container has-pattern-background has-mask-background nonhundred-percent-fullwidth non-hundred-percent-height-scrolling" style="--awb-border-radius-top-left:0px;--awb-border-radius-top-right:0px;--awb-border-radius-bottom-right:0px;--awb-border-radius-bottom-left:0px;--awb-flex-wrap:wrap;" ><div class="fusion-builder-row fusion-row fusion-flex-align-items-flex-start fusion-flex-content-wrap" style="max-width:1248px;margin-left: calc(-4% / 2 );margin-right: calc(-4% / 2 );"><div class="fusion-layout-column fusion_builder_column fusion-builder-column-3 fusion_builder_column_1_2 1_2 fusion-flex-column" style="--awb-bg-size:cover;--awb-width-large:50%;--awb-margin-top-large:0px;--awb-spacing-right-large:3.84%;--awb-margin-bottom-large:20px;--awb-spacing-left-large:3.84%;--awb-width-medium:50%;--awb-order-medium:0;--awb-spacing-right-medium:3.84%;--awb-spacing-left-medium:3.84%;--awb-width-small:100%;--awb-order-small:0;--awb-spacing-right-small:1.92%;--awb-spacing-left-small:1.92%;"><div class="fusion-column-wrapper fusion-column-has-shadow fusion-flex-justify-content-flex-start fusion-content-layout-column"><div class="fusion-text fusion-text-3"><p>Unsere Chronik kostet 24.- Euro und ist erhältlich bei:</p>
<ul>
<li>Andreas Sorgenfrei, Triftweg 4, Muschenried, Tel. 09676/562</li>
<li>Schreibwaren Blenz, Marktplatz 2, Oberviechtach, Tel. 09672/1520</li>
<li>Oder per eMail:&nbsp;<a href="mailto:chronik@muschenried.de">chronik@muschenried.de</a></li>
</ul>
<p>&nbsp;</p>
<p>&nbsp;</p>
</div></div></div><div class="fusion-layout-column fusion_builder_column fusion-builder-column-4 fusion_builder_column_1_2 1_2 fusion-flex-column" style="--awb-bg-size:cover;--awb-width-large:50%;--awb-margin-top-large:0px;--awb-spacing-right-large:3.84%;--awb-margin-bottom-large:20px;--awb-spacing-left-large:3.84%;--awb-width-medium:50%;--awb-order-medium:0;--awb-spacing-right-medium:3.84%;--awb-spacing-left-medium:3.84%;--awb-width-small:100%;--awb-order-small:0;--awb-spacing-right-small:1.92%;--awb-spacing-left-small:1.92%;"><div class="fusion-column-wrapper fusion-column-has-shadow fusion-flex-justify-content-flex-start fusion-content-layout-column"></div></div></div></div>
